at is -22 + -4?
-26
In base 15, what is -e3 - 5?
-e8
In base 7, what is 26 - -21?
50
In base 16, what is 1 + 2e?
2f
In base 10, what is 222 - -3?
225
In base 11, what is 2a5 - -1?
2a6
In base 9, what is 6 - 10745?
-10738
In base 3, what is 20201 + -11?
20120
In base 14, what is 0 + -1664?
-1664
In base 9, what is 5 - -72?
77
In base 3, what is 0 + -10002?
-10002
In base 14, what is -a15 - -5?
-a10
In base 4, what is -1 - -112?
111
In base 12, what is 1183a - -3?
11841
In base 2, what is 10010100 + 101?
10011001
In base 9, what is 375 - -2?
377
In base 7, what is -1 + -122?
-123
In base 12, what is 1a - 16?
4
In base 8, what is -5543 - -5?
-5536
In base 10, what is -8008 + -4?
-8012
In base 8, what is 2 + 42?
44
In base 3, what is 10 + 10?
20
In base 13, what is 25c - -1?
260
In base 11, what is 1 - -268?
269
In base 4, what is -11 + -31031?
-31102
In base 4, what is 1 + 11?
12
In base 9, what is 12 - -28?
41
In base 8, what is -3 + -5702?
-5705
In base 11, what is -2 + -494?
-496
In base 15, what is -467 - 6?
-46d
In base 7, what is -4 + -34?
-41
In base 10, what is -1 - 158?
-159
In base 6, what is -43130 - 1?
-43131
In base 16, what is -3 + -16eb?
-16ee
In base 9, what is 362 - -5?
367
In base 5, what is 1 - -344?
400
In base 5, what is -4 - 2143?
-2202
In base 14, what is 6 + ba?
c2
In base 9, what is 488 - -8?
507
In base 11, what is 39 + -3?
36
In base 8, what is -1 - -307?
306
In base 16, what is -2 - -206?
204
In base 9, what is -4 + 164?
160
In base 9, what is 0 - -411?
411
In base 16, what is 64 + 1?
65
In base 13, what is 2 - 50?
-4b
In base 11, what is 0 + -277?
-277
In base 7, what is -1 + -1466?
-1500
In base 9, what is 31465 + -3?
31462
In base 6, what is -4 - 40?
-44
In base 9, what is -1115 + 3?
-1112
In base 10, what is 0 + -1495?
-1495
In base 3, what is -22002 + 12?
-21220
In base 11, what is -114 + 3?
-111
In base 5, what is 423 - 10?
413
In base 7, what is -10145 - -2?
-10143
In base 15, what is 7d - 5?
78
In base 2, what is 111001001 + 0?
111001001
In base 4, what is -1322230 + 0?
-1322230
In base 11, what is 6 - -13?
19
In base 5, what is 340 + -114?
221
In base 13, what is -12 - -24?
12
In base 10, what is 0 + -33?
-33
In base 13, what is -7 + 5?
-2
In base 15, what is -4 - -17?
13
In base 6, what is 1011 - -33?
1044
In base 3, what is -10 + 201110?
201100
In base 12, what is 5 + baa?
bb3
In base 8, what is 732 - 2?
730
In base 8, what is 4 + -221?
-215
In base 6, what is 1455 - -4?
1503
In base 9, what is -27 + -32?
-60
In base 4, what is 11 - 20000?
-13323
In base 11, what is 21 - -57?
78
In base 2, what is -10 + -10?
-100
In base 12, what is 2 + 931?
933
In base 7, what is 31 + 434?
465
In base 4, what is -1 + -233?
-300
In base 8, what is -46 - -7?
-37
In base 13, what is -23 - 14?
-37
In base 7, what is -152 - 0?
-152
In base 4, what is -20 + -31132?
-31212
In base 6, what is -34 - 2120?
-2154
In base 7, what is 11 + -2011?
-2000
In base 3, what is -110012121 + 11?
-110012110
In base 7, what is 221 + 0?
221
In base 9, what is 6371 + -3?
6367
In base 7, what is 3 + 2366?
2402
In base 9, what is 2 + -35?
-33
In base 4, what is 13 + -10?
3
In base 14, what is 90 - 4?
8a
In base 4, what is 112 + -3303?
-3131
In base 6, what is 3 - -532?
535
In base 5, what is 1 - 304?
-303
In base 11, what is -435 - -4?
-431
In base 6, what is 2 + 1511?
1513
In base 5, what is -433 + 2?
-431
In base 16, what is 0 + 33?
33
In base 6, what is 14 + -130?
-112
In base 4, what is 12 - 111?
-33
In base 15, what is -55 + -1c?
-72
In base 11, what is -2 - 86?
-88
In base 11, what is -513 - 1?
-514
In base 4, what is 11331 + 3?
12000
In base 7, what is 3 - 2643?
-2640
In base 4, what is 1320 + -11?
1303
In base 8, what is 361 - 43?
316
In base 8, what is 1656 + -13?
1643
In base 4, what is 10031 - 30?
10001
In base 12, what is -14 - 55?
-69
In base 9, what is -2 + -83?
-85
In base 7, what is -52 - 3?
-55
In base 4, what is -3 - 120031?
-120100
In base 13, what is 4 + 7a?
81
In base 13, what is 10a + 0?
10a
In base 6, what is -143014 + -5?
-143023
In base 7, what is 11 + -106?
-65
In base 9, what is 48 - 22?
26
In base 12, what is -37 + 39?
2
In base 4, what is 33 - -210?
303
In base 12, what is -43 + -4?
-47
In base 8, what is 0 - 12641?
-12641
In base 8, what is -1 - -21?
20
In base 5, what is 300434 - -10?
300444
In base 8, what is 31 - -23?
54
In base 12, what is -148 - 5?
-151
In base 9, what is -5 + -50?
-55
In base 14, what is -2 + -60?
-62
In base 6, what is 1 - -2314?
2315
In base 6, what is 442302 - 1?
442301
In base 12, what is -19 - 21?
-3a
In base 8, what is -4535 - -2?
-4533
In base 9, what is -32 - 36?
-68
In base 5, what is -1321 + 1?
-1320
In base 5, what is -1 + -11?
-12
In base 11, what is 2 + -258?
-256
In base 5, what is -231 + -1033?
-1314
In base 4, what is -123 + 2?
-121
In base 16, what is b - 9?
2
In base 7, what is -156 - -1?
-155
In base 7, what is -101 + -6?
-110
In base 3, what is 10 + 21?
101
In base 7, what is -122 + -1?
-123
In base 7, what is -11 + 360?
346
In base 13, what is -3 - -15?
12
In base 10, what is -47 + -1?
-48
In base 3, what is 11 - -12221?
20002
In base 6, what is -10441 + -2?
-10443
In base 9, what is -168 + 2?
-166
In base 15, what is -4 - -15?
11
In base 8, what is 0 + 63?
63
In base 8, what is 622 + 34?
656
In base 16, what is 1c - -95?
b1
In base 5, what is -13 + -1223?
-1241
In base 8, what is -5 - -46?
41
In base 13, what is -156 - -4?
-152
In base 14, what is 3 - 364?
-361
In base 9, what is 2 + -2576?
-2574
In base 11, what is -4 - 24?
-28
In base 10, what is -162 - 5?
-167
In base 2, what is 1011101 - -1111110?
11011011
In base 14, what is -2 - 17?
-19
In base 7, what is 0 + -1101?
-1101
In base 16, what is f - 1f?
-10
In base 7, what is 11613 - -3?
11616
In base 9, what is -4 + -3144?
-3148
In base 6, what is 2300 + 5?
2305
In base 16, what is 9 + c2?
cb
In base 15, what is 4 + -2e?
-2a
In base 14, what is 2 + -160?
-15c
In base 11, what is -3643 - 4?
-3647
In base 14, what is 8b8b + 5?
8b92
In base 16, what is 9 + -6?
3
In base 14, what is 1 - -5d0?
5d1
In base 7, what is 14 + 5?
22
In base 4, what is -2 - 21312?
-21320
In base 14, what is -5 - -2?
-3
In base 3, what is -112 + -21?
-210
In base 8, what is -1 - 67?
-70
In base 7, what is -3152 + -2?
-3154
In base 5, what is 10 + -1133?
-1123
In base 7, what is 24623 - 4?
24616
In base 11, what is -1 - -1a4?
1a3
In base 2, what is -100 + 110110110001?
110110101101
In base 8, what is 26 + 0?
26
In base 3, what is -12 + -120122?
-120211
In base 13, what is 11b + -1?
11a
In base 9, what is -1342 - 1?
-1343
In base 9, what is 1817 - -4?
1822
In base 13, what is -240c - 1?
-2410
In base 4, what is -3 + 110313?
110310
In base 8, what is -54 + 4?
-50
In base 12, what is -18a - -5?
-185
In base 16, what is -5 + -b2c?
-b31
In base 13, what is 5 - -29b?
2a3
In base 6, what is -4 - -142?
134
In base 9, what is 0 + -2682?
-2682
In base 7, what is -3 - 152?
-155
In base 3, what is -12 - 12212?
-20001
In base 4, what is -123 + 1100?
311
In base 5, what is 204301 + 1?
204302
In base 3, what is -10 - -20?
10
In base 6, what is 323040 - -5?
323045
In base 8, what is 137 - -30?
167
In base 2, what is -101100110001 + 0?
-101100110001
In base 4, what is -3110 - 102?
-3212
In base 15, what is 44 + 17?
5b
In base 13, what is 5 + -1227?
-1222
In base 9, what is 3 - -48?
52
In base 4, what is -3002 - 2?
-3010
In base 12, what is -3 + -a7?
-aa
In base 4, what is -333232 - 1?
-333233
In base 5, what is 102112 - -4?
102121
In base 5, what is 12 + -310?
-243
In base 13, what is -1 + 32?
31
In base 14, what is 1 + -a6?
-a5
In base 11, what is -34 - 5?
-39
In base 4, what is -12003 + 20?
-11323
In base 15, what is -135 + 7?
-12d
In base 6, what is -11025 + 1?
-11024
In base 7, what is 11345 + -3?
11342
In base 12, what is 831 + -4?
829
In base 6, what is 25 - -201?
230
In base 8, what is -1 - -252?
251
In base 3, what is -200 + 0?
-200
In base 5, what is 14 - -2440?
3004
In base 13, what is -b33 + 1?
-b32
In base 15, what is -1 - -1d7?
1d6
In base 6, what is 1224 + 5?
1233
In base 6, what is 0 + 125?
125
In base 9, what is -13 + 28?
15
In base 15, what is 2bdd + 4?
2be2
In base 9, what is -162 - -10?
-152
In base 4, what is 232 + 0?
232
In base 14, what is 2 - a